-2*l**2 - 5*l - 6. Let f(a) = -a**2 - 2*a - 2. Let v(w) = 13*f(w) - 6*u(w). What is v(5)?
5
Suppose -16*i = -13733 + 13797. Let k(j) be the first derivative of j**3/3 + 5*j**2/2 + 4*j + 1. Determine k(i).
0
Let n be 0/3 + 2 + 2. Let w(o) be the first derivative of -o**6/180 + o**5/30 + 8*o**3/3 + 5. Let b(k) be the third derivative of w(k). Give b(n).
-16
Let w(j) = j**3 + j**2 - j + 2. Suppose 3*x = -r - 10, -19 = 5*r + 5*x + 11. Let i be (-12)/(-8)*(-2 - r). Suppose 0*z - i*z = 6. Calculate w(z).
0
Let n(y) be the second derivative of -y**5/20 + y**4/3 + y**3 - 2*y**2 + 5*y + 2. What is n(5)?
1
Let v(p) = 14*p + 1. Let m(b) = b**2 - 18*b + 16. Let k be m(17). Let g(t) = -t + 1. Let n(i) = k*g(i) + v(i). Suppose -3 = -4*f + 1. Give n(f).
15
Suppose 0 = 4*z - l + 34, -4*z = -67*l + 69*l + 40. Let s(p) = p**3 + 8*p**2 - 8*p + 14. Calculate s(z).
5
Let q(t) = -t**3 - 7*t**2 - 8*t - 8. Let x be (-10)/(-25) - 106/(-10). Let k = x + -17. Give q(k).
4
Let c(y) = y**3 - 8*y**2 - 11*y - 9. Let i(f) = -f + 1. Let l be i(-8). What is c(l)?
-27
Let g(n) = -n + 4*n**2 - 2*n**2 + n**2 - 251 - 3*n + 256. Give g(5).
60
Let f(p) = p**2 - 3*p - 14. Let o = -553 + 558. Determine f(o).
-4
Let i(x) = x**3 - 3*x**2 + 2*x - 2. Suppose 339*y + 20 = 349*y. Give i(y).
-2
Let n(u) = -u - 9. Let v be (-11 + 4 - -3) + 4. Suppose -2*b + 5*h - 3 + 14 = v, 2 = b + h. Suppose 4*j + 16 = -b*k, -5*j - 5*k + 2 = 22. Give n(j).
-5
Let j(n) = -33*n + 50. Let g(z) = 38*z - 48. Let a(y) = -6*g(y) - 7*j(y). What is a(22)?
4
Let q(g) = 2*g**2 - 11*g + 9. Let b(p) = p**2 - 9*p + 8. Let i(m) = m**2 - 9*m + 8. Let l(s) = -3*b(s) + 2*i(s). Let x(z) = -3*l(z) - 2*q(z). What is x(-5)?
6
Let l = -46 + 48. Let c(w) = -2*w. Give c(l).
-4
Let k(f) = f + 8. Let w(o) = 7*o**3 + 6*o + 7. Let g(d) = 14*d**3 + 13*d + 15. Let t(r) = -6*g(r) + 13*w(r). Let v be t(-1). Calculate k(v).
2
Let q(j) = -j + 51. Let w be q(13). Let h = -43 + w. Let v(r) = r**3 + 4*r**2 - 3*r + 7. Calculate v(h).
-3
Let d(h) = 3*h**3 - 4*h**2 + 6*h - 9. Let t(y) = 5*y**3 - 9*y**2 + 10*y - 18. Let x(z) = -7*d(z) + 4*t(z). Let p(a) = a**2 - 8. Let j be p(0). What is x(j)?
7
Let s(h) be the first derivative of -h**2/2 - 11*h + 265. Give s(-10).
-1
Let x be 2/(-7) - (-222)/42. Let w(g) = 2*g - 6*g - 1 + x*g + 2*g. Calculate w(-2).
-7
Let r(u) = -u**2 - 2*u**2 + 0*u**2. Suppose 2 = 2*v - 4, -a - 4*v = -11. Let l be 2/(1 - (a + 4)). Determine r(l).
-3
Let x(l) = -l**2 + 7*l - 14. Let n(q) = -q**3 - 35*q**2 + 116*q + 82. Let s be n(-38). Determine x(s).
-8
Let u(i) = -i + 6. Let h(w) = -w + 1. Let j(y) = -2*h(y) + u(y). Let r = 46 - 42. Suppose 3*d = 2*g + 20, -r*d - 5 = 5*g - 1. Give j(g).
0
Suppose 3*c = -8*q + 6*q - 27, -q = 3. Let i(d) = -d**3 - 7*d**2 + 2*d + 13. Give i(c).
-1
Let a = 1309 - 1301. Let j(h) = -h - 7. Determine j(a).
-15
Let j(g) = g**2 + 5*g - 3. Suppose 8 = 2*o + 2*a, -7*o + 11*o - 4*a = 16. Give j(o).
33
Let a(m) = -m**2 - 2*m - 4. Let q(r) = -4*r**3 + r**2. Let j be 2/(-10) - (-18)/(-10). Let i = j - -3. Let k be q(i). What is a(k)?
-7
Let j(o) = o**2 + 3*o - 21. Let f be 6/(-8)*(-1552)/291. Give j(f).
7
Let q(l) = -l**2 + 5*l + 8. Suppose 1 + 5 = 2*g, 3*s - 33 = -5*g. Determine q(s).
2
Let n(y) = 3*y - 10. Let v(b) = -13*b + 44. Let t(w) = -9*n(w) - 2*v(w). Determine t(0).
2
Let w(y) = -6*y + 2*y - 3*y - 1 + 0 + y. Give w(-2).
11
Let q(w) be the second derivative of 0 + 0*w**2 + 0*w**4 - 1/360*w**6 - 1/40*w**5 + 5*w + 4/3*w**3. Let b(n) be the second derivative of q(n). Give b(-4).
-4
Suppose 0 = -2*h + 3*h + 3*g - 9, -5*h - 5*g + 25 = 0. Let k be (-9 - -6)/(h/(-2)). Let x(t) = -2*t + k*t - 6 - t**2 + 3*t. Give x(4).
-10
Suppose 2*r + 2*x - 6 = -8, 19 = 2*r - 5*x. Let d(b) = 5*b**3 - 3*b**2 + 2. Determine d(r).
30
Let q(i) = -i + 9. Let p = 1304 - 1297. Give q(p).
2
Let n be 27/9*(-40)/(-3). Let v be n/6 - (-8)/(-12). Let m(k) = k - 1. Let d(p) = 5*p - 14. Let b(r) = d(r) - 4*m(r). Give b(v).
-4
Let p(g) = -7*g + 8. Let i(d) = -d + 1. Let j(o) = -5*i(o) + p(o). What is j(-6)?
15
Let o(m) = m + 31 + 40 - 69. Give o(-7).
-5
Let t(g) = 3*g**2 - g - 1. Suppose 0 = -f + 1 + 2. Suppose 2*m + 27 = -f*n, 0*m = m - 3*n. Let c = 8 + m. Give t(c).
3
Let k be (-4)/6 + 470/30. Let i = k - 10. Let c(x) = x - 7. Let g(a) = -a + 6. Let u(t) = -4*c(t) - 3*g(t). Give u(i).
5
Let f be (-7 - (-8 - -1))/(2 + -4). Let x(r) be the third derivative of 0*r - 1/24*r**4 - 7*r**2 + f + 1/3*r**3. What is x(9)?
-7
Let s(f) = f - 5 - 4 - 5 + 10 - 10. Calculate s(8).
-6
Let z(k) = 11*k - 16. Let h(m) = -4*m + 5. Suppose -s = 2*s + q - 19, 4*q + 12 = -s. Let v(y) = s*h(y) + 3*z(y). Let g = -9 + 15. Calculate v(g).
-2
Let h(q) = q - 3. Let k be (2/(-4))/((-3)/12). Suppose 0 = -k*n - 0 - 12. Give h(n).
-9
Let g(c) = 3*c**3 + 8*c - 1. Let f(n) = -n**3 - n**2 - n. Let r(w) = 4*f(w) + g(w). Let o = -2 + 2. Let h be o/((-8)/2) + -4. What is r(h)?
-17
Let a(u) be the first derivative of u**2 + 19*u + 264. Calculate a(-8).
3
Let p(s) = 7*s**2 + 4*s - 3. Let u(q) = 4*q**2 + 2*q - 1. Let b(x) = 3*x + 4. Let y be b(-3). Let i(n) = y*u(n) + 3*p(n). Give i(3).
11
Suppose 31*d - 103 + 165 = 0. Let u(p) = 7*p + 9. Determine u(d).
-5
Let f(m) be the second derivative of m**5/20 + 3*m**4/2 - 13*m**2 - 2*m - 229. Give f(-18).
-26
Let a(l) = 15*l + 343. Let q be a(-22). Let i(u) = u**2 - 12*u + 1. Calculate i(q).
14
Suppose -7*f = -753 + 760. Let w(r) = -2*r**3 + 2*r**2 + r. What is w(f)?
3
Let k(r) be the first derivative of 0*r - 2 + 4*r + 255*r**2 - 254*r**2. Calculate k(5).
14
Let s be ((-4)/((-8)/(-7)))/(1/12). Let j = s - -39. Let c(z) = z + 4. Determine c(j).
1
Let i(v) be the third derivative of v**6/360 + v**5/30 + v**4/12 + 13*v**3/6 - 6*v**2. Let d(p) be the first derivative of i(p). Determine d(-5).
7
Let c(u) = 6 + 5*u - 4*u - 4*u + 2 + 1. Give c(6).
-9
Let z(a) = a**3 + 9*a**2 + 5*a - 2. Let q(b) = b**3 + 2*b**2 - 1. Let o(j) = -2*q(j) + z(j). Determine o(6).
-6
Let r(a) = -a**3 + a**2 + 2. Let h be r(0). Suppose -2*k = -3*k + 3. Let y(x) = -2 - 3*x + k + 4 - 3. What is y(h)?
-4
Suppose 0*j = -6*j + 36. Let u(k) = -k**2 - 11*k + 14. Let t be u(-12). Let a(i) = -2*i + t*i - 5*i - 7 + j*i. Determine a(4).
-3
Let i(w) be the third derivative of w**6/30 - w**5/30 - w**4/24 - w**3/3 + 3*w**2 - 57*w. What is i(2)?
20
Let w(c) be the second derivative of 1/3*c**3 - 21*c + 0 - 5/2*c**2. What is w(5)?
5
Let h = 44 + -45. Let x(a) = -a**2 + 3*a - 1. Let s(t) = -2*t**2 + 2*t - 1. Let i(u) = 5*s(u) - 4*x(u). Give i(h).
-5
Let c(r) be the second derivative of -r**6/720 - r**5/15 - 11*r**4/12 - 2*r. Let z(m) be the third derivative of c(m). Let y be (7/(-4) + 1)*8. Give z(y).
-2
Let r(g) = g**3 - 5*g**2 - 2*g + 1. Let s be (1/4 - 0)/(54/1296). Calculate r(s).
25
Suppose 0 = -10*d - 28 + 178. Let t(i) = 4*i - d*i**2 + 14*i**2 - 6 + 2*i. Give t(6).
-6
Suppose 4*r - 5*l - 10 = 0, 3*r + 3 = 5*l + 8. Let y(x) = 5 - r*x**2 + 7*x + x**2 - 5*x**3 + 4*x**3 + 0*x**3. Let p(u) = -4*u**2 - 1. Let s be p(1). Give y(s).
-5
Let r(a) = 20*a**2 - 15 + 4*a - 32*a**2 + 2*a + 11*a**2. Calculate r(3).
-6
Let y(z) = 5*z - 2. Let a(f) = -6*f + 2. Let l(p) = -2*a(p) - 3*y(p). Let i be l(2). Let b be -5 - i/(3/3). Let d(n) = 10*n - 1. Give d(b).
-11
Let h(w) = -w**2 - 31*w + 7. Let f(u) = -u**2 - 27*u + 8. Let i(m) = 5*f(m) - 4*h(m). Determine i(-12).
0
Let c = 3 - 1. Let h(a) = -3 - 7*a + 5 + a**c - a. Let g = -40 - -48. Determine h(g).
2
Let w(q) be the second derivative of -2*q**3/3 - 14*q**2 - 16*q. Let c be w(-7). Let a(t) = -t + 10. Determine a(c).
10
Let a be 24 - (-3 + 5 + 0). Let g = a - 21. Let m(i) = -7*i - 1. Calculate m(g).
-8
Let b(i) = -i**3 - 4*i**2 + i + 3. Let h be ((-16)/(-10))/(30/(-75)). Let a be ((-14)/h)/((-3)/6). Let r(n) = 2*n + 10. Let k be r(a). What is b(k)?
-1
Let c(j) be the second derivative of -2*j**3/3 - j + 3. Determine c(-4).
16
Let s(f) = f**3 - 3*f**2 - f - 2. Let x(k) = k**2 - k - 7. Let h be x(5). Let a = h - 10. What is s(a)?
-5
Let n = -22 - -16. Let w = 14 - 14. Let d(c) = w*c - 2*c - 3 + 0 - 3. Determine d(n).
6
Let c(h) = 6 + 36*h - 2 + 14*h + 1 - 6. Determine c(1).
49
Suppose 0 = -m + 4*m + 15, 5*n - 4*m = 55. Let y(a) be the first derivative of -a**2/2 + 3*a + 1945. Determine y(n).
-4
Let z(u) = 2*u + 0*u - u**2 + 23 - 55 - 3*u**3 +